mber?
False
Suppose -2*g - 133*s + 241357 = -130*s, s = 3*g - 362008. Is g a composite number?
False
Let d(c) = 1277*c**2 - 83*c - 593. Is d(26) a composite number?
False
Suppose -174*f + 872842 = 28*f. Is f composite?
True
Let f(y) = -24520*y - 1659. Is f(-8) composite?
True
Let v(g) be the second derivative of g**5/15 - g**4/6 - 31*g**3/6 - 15*g**2/2 - 14*g. Let c(m) be the first derivative of v(m). Is c(14) a composite number?
True
Is 3897335/39*(-156)/(-260) composite?
True
Let s = 15281 + -4333. Suppose -43*i = -15*i - s. Is i a prime number?
False
Suppose 4*c - 25684 = 1896. Let h = 11439 - c. Suppose 0 = -5*u - 1159 + h. Is u composite?
False
Let s(q) = -63*q**3 - 70*q**2 - 159*q - 67. Is s(-24) a prime number?
True
Suppose 29*i = 19*i + 20. Suppose -3611 = -a - i*j, 5*j = 2*a + 850 - 8054. Is a prime?
True
Is (3/4 - 306273/(-4))*159/477 a prime number?
True
Let o = -154170 + 258631. Is o composite?
True
Let p(l) = 10*l**2 + 16*l + 10. Let g be 0 + (-232)/28 - 2/(-7). Let y be p(g). Let t = 417 + y. Is t a composite number?
True
Let u(y) be the first derivative of -155*y**2 - 23*y - 58. Is u(-4) prime?
True
Let s(q) = 3*q**3 - 108*q**2 - 25*q + 40. Is s(38) composite?
True
Suppose -h - 1 = -g, -5*g - h + 2 = -3*h. Suppose g = 22*y - 1115101 + 31007. Is y prime?
True
Let t(v) = -3*v**2 - 37*v - 18. Let w be t(-12). Is ((-4562)/w)/(76/228) composite?
False
Suppose -200108 = 6*l - 10*l. Is l a prime number?
False
Let p(y) = 27*y**2 + 3*y + 14. Let q be p(-4). Suppose -v + 973 + q = 5*m, -3*v = -3*m - 4131. Let d = -771 + v. Is d prime?
False
Suppose -4*d - 11*q - 20 = -6*q, 0 = -2*q. Is (d + -8)/(5/(-1685)) prime?
False
Is 5/(-90) - 239334585/(-918) a composite number?
False
Let h be (-6)/1*253/(-138). Suppose -2337 = -h*r + 578. Is r a prime number?
False
Suppose 0 = l + 15 - 18. Let d be (l + -11)*(-1 + 2). Is (-3)/d*4*(-978)/(-9) a prime number?
True
Let t = -312422 + 479673. Is t composite?
True
Let g = 18022 - 11833. Is g a composite number?
True
Suppose -3*b + b - 7407493 = -5*c, 0 = 4*c + 6*b - 5925964. Is c a composite number?
False
Suppose -4*y - 4*v + 12 = 0, 2*y + 5*v - 13 = -2*y. Is (-13 - 9)/(y/(-23)) a composite number?
True
Let b = -124 - -142. Suppose 2308 = b*k - 16*k. Suppose -k = 4*l - 3510. Is l prime?
False
Let w(g) = -g**3 + 11*g**2 - 17*g - 14. Let t be w(9). Is (((-2682)/(-5))/3)/((-2)/t) a prime number?
False
Let i(t) = -t**2 + 4*t + 503. Let m be i(0). Let u = 854 + m. Is u a prime number?
False
Let l(a) be the second derivative of 1255*a**3/6 - 137*a**2/2 - 300*a. Is l(12) prime?
True
Is (-454406)/(-10) + -4 + -5*8/(-100) composite?
True
Suppose 0 = 3*j + 28 - 43. Suppose -4187 = -j*s + 16508. Is s prime?
True
Let u(v) = 2*v**3 + 91*v**2 + 21*v + 97. Is u(52) composite?
False
Let m(w) = -1345*w**3 + 6*w**2 - 4*w - 10. Is m(-1) a prime number?
False
Suppose -g - 6*y + y = -11, 5*g + 2*y - 147 = 0. Suppose g*o + 16 = 33*o. Is (2718/o)/3*260/39 a prime number?
False
Let m(o) be the first derivative of -5*o**4/4 + 10*o**3/3 + 7*o**2/2 + 5*o - 32. Is m(-7) prime?
True
Suppose -m - 5 = x - 3*x, -5*x = -5*m. Suppose -x*z - v + 35 - 11 = 0, -4 = -v. Is (-1171)/(z/(-12)*-3*-1) a composite number?
False
Let g(a) be the second derivative of a**5/20 - 5*a**4/3 - 17*a**3/3 + 29*a**2 - 4*a - 39. Is g(25) a composite number?
False
Let l(r) = 61483*r**2 + 24*r - 25. Let u be l(1). Suppose 0 = 118*k - 112*k - u. Is k prime?
True
Is 12480467/69 + (-2)/(-3) a prime number?
False
Let f be 75/10*(-100)/15. Is (2178 - -4) + f/10 composite?
True
Suppose 2944144 + 967682 = 75*m + 46851. Is m prime?
False
Suppose -3*h = -4*j - 7*h + 44360, -2*h - 44354 = -4*j. Suppose 5*v + k = 18459, 4*k - j = -14*v + 11*v. Is v a composite number?
False
Let i(c) = c**2 - c + 4. Let u be i(3). Let v = 1779 - 1757. Is 4514/v - u/55 prime?
False
Let i = -14 - -14. Suppose -4*x - 925 = -5*v, 4*v + 4*x + i*x = 740. Suppose -11*g = -6*g - v. Is g prime?
True
Suppose k = 4*r + 129, 2*r = 4*r + 2. Let n = -179 + k. Is 180/n*(-18)/10 a prime number?
False
Let v = -40 - -48. Suppose 0 = 7*y - v*y - 566. Let m = -375 - y. Is m a prime number?
True
Let n(a) = 36*a**2 - 35*a - 20. Let y be n(-6). Suppose 0 = -4*q + 4634 - y. Is q composite?
False
Suppose -4*r = -5 - 19, 0 = -5*b + 5*r + 1047080. Is b prime?
False
Is (2/(5 + 91/(-14)))/((-20)/3089055) composite?
False
Suppose -j + z + 2*z + 1290 = 0, 1258 = j + 5*z. Let o(q) = 90*q + 1. Let g be o(-7). Let w = g + j. Is w a prime number?
False
Let x(a) be the second derivative of -685*a**3/6 - 19*a**2/2 - 16*a. Let t be x(2). Let w = t + 3032. Is w a prime number?
False
Let n = 69208 - -2755. Is n composite?
False
Let w be (40/24)/(2*3/18). Let q(t) = 303*t - 74. Is q(w) prime?
False
Let j(n) = 12559 + 56*n + 44*n - 134*n - 12574 - 177*n. Let y(b) = 13*b**3 - 1. Let c be y(-1). Is j(c) a prime number?
True
Is (4 + 179587)*(-60 + 61) a composite number?
False
Let r = 242 + 2530. Let j = r - 619. Is j composite?
False
Let x(f) = -7 - 12*f - 22 - 183*f**2 + 182*f**2 + 8. Let n be x(-11). Is 210 + 23 - (1 - n/(-2)) composite?
True
Let z(p) = p**3 + 10*p**2 + 11*p + 17. Let u be z(-9). Let k be (4/(-12))/((u/(-12))/(-1)). Suppose -4*t = -3*i - 8609 + 2851, -2*i = -k. Is t a prime number?
False
Suppose 26 - 10 = 8*b. Suppose 5*i - 13411 = -b*r, -4*i + 10736 = 5*r - 7*r. Is i prime?
True
Let w(l) = -l**3 - 14*l**2 - 22*l + 29. Let c be w(-12). Suppose -7715 = -c*d + 5*q, 4629 = -d + 4*d + 5*q. Is d composite?
False
Suppose -598 = -41*a + 67*a. Let f(o) = -49*o + 186. Is f(a) composite?
True
Let k = -5894 - -11455. Is k composite?
True
Let u(s) = -11926*s - 8. Let r be u(-1). Is 84/(-294) - r/(-14) a prime number?
False
Suppose -5*x + 450706 = 3*g - 843436, g - 431399 = 2*x. Is g composite?
True
Suppose 2 - 98 = 6*d. Let s(z) be the first derivative of -5*z**2 - 33*z - 1. Is s(d) a composite number?
False
Suppose -25*u - 17061201 = -56842526. Is u prime?
True
Suppose -s - 3 = 0, -2*s + s + 13693 = 2*i. Suppose -i + 33 = -5*w. Is w composite?
True
Is 9320944/10 - ((-1)/(-8) + (-58)/80) prime?
False
Let f(a) = -a**2 - 2*a. Let u(x) = 13*x**2 - 21*x + 20. Let o(t) = -2*f(t) + u(t). Is o(9) prime?
False
Let x(h) be the third derivative of 49*h**5/30 - h**4/6 - 7*h**3/6 + h**2. Let z(b) = -4*b - 39. Let t be z(-9). Is x(t) composite?
False
Suppose 20*c - 95*c + 4841475 = 0. Is c a prime number?
True
Is 4/20 - 8521670/(-25) composite?
True
Suppose 4*r - 856*v + 857*v - 139334 = 0, 5*r + 5*v = 174160. Is r a composite number?
True
Let m be (-10)/25 - 34/(-10). Let q be 0 - (m/(0 + 3) + -5). Suppose 3*a + 1245 = 4*d, 0 = 4*d + q*a + a - 1221. Is d a prime number?
False
Suppose g + 17 - 7 = l, l + 4*g = 0. Suppose -26660 = -12*a - l*a. Is a a prime number?
False
Let c(v) = v**2 + 5*v - 10. Let i be c(-7). Suppose 6*n + 5*m - 15 = 3*n, 3*n - 12 = -i*m. Is 717/(2/2 + n) a prime number?
False
Let y(p) = -p**3 + p**2 + 18*p - 44. Let q be y(16). Let o = -1883 - q. Is o a composite number?
True
Let c(n) = n**2 - 2*n - 38. Let u be c(7). Is ((-4490)/15)/(2/u) a prime number?
True
Let i = 1131 + -254. Suppose -2*p - i = -8063. Is p a composite number?
False
Let v(a) = -210*a**2 - 61*a + 23. Let o(l) = -41*l**2 - 11*l + 5. Let w(n) = -11*o(n) + 2*v(n). Let k = 4 - 8. Is w(k) composite?
False
Is -8 + 3/(6/16) + -1 + 9275 composite?
True
Let c(x) = 215*x + 5. Let b(d) = -429*d - 10. Let w(k) = 4*b(k) + 7*c(k). Suppose 3*v = -12, -12*g - 20 = -11*g + 4*v. Is w(g) prime?
True
Let q be 4/(-6) + (112/(-6))/(-4). Suppose -5*f = -f + 4*x + 2092, -q*x = -20. Let b = f - -1007. Is b prime?
True
Is (-10332 + 6)*(-309)/78 - 10/(-65) prime?
False
Let k = -3273 - -6389. Let f = -1579 + k. Is f a composite number?
True
Let i = 188 + -74. Let f = 118 - i. Suppose -9*p - 5*w = -4*p - 42360, p + f*w = 8487. Is p prime?
True
Let j = 184784 + -80505. Is j prime?
False
Let l(p) = 62*p - 71. Suppose -87*o = -82*o - 80. Suppose -o = -6*m + 14. Is l(m) a prime number?
True
Let i(s) = -s**3 + 2*s**2 - 2*s - 2. Let b be i(-1). Suppose 5*h = b*q + 693, 0*h = h + 4*q - 157. Let y = 434 - h. Is y composite?
False
Suppose n + 789489 = 3*c, 5*c + 3*n - 1184810 = 130977. Is c composite?
True
Let c = 763166 - -510905. Is c a composite number?
False
Is 5 + (-18)/4 + 13